or of 60 and 36?
12
Calculate the highest common factor of 248 and 38316.
124
Calculate the greatest common divisor of 429 and 117.
39
What is the greatest common factor of 786 and 18?
6
What is the highest common factor of 80 and 16?
16
Calculate the greatest common factor of 1190 and 884.
34
Calculate the highest common factor of 76 and 57.
19
Calculate the greatest common factor of 138 and 78.
6
What is the greatest common factor of 23865 and 30?
15
What is the greatest common divisor of 3063 and 6?
3
Calculate the greatest common factor of 18 and 1986.
6
What is the highest common factor of 74 and 703?
37
What is the greatest common divisor of 7 and 175?
7
What is the greatest common divisor of 13 and 3653?
13
Calculate the greatest common divisor of 106 and 742.
106
What is the greatest common factor of 67 and 9179?
67
Calculate the greatest common divisor of 104 and 4836.
52
Calculate the greatest common factor of 29 and 145.
29
Calculate the greatest common factor of 15 and 3835.
5
Calculate the highest common factor of 38 and 5.
1
What is the highest common factor of 110 and 50?
10
Calculate the highest common divisor of 5047 and 196.
49
Calculate the highest common factor of 115 and 235.
5
Calculate the greatest common divisor of 59 and 1593.
59
What is the greatest common factor of 255 and 30?
15
Calculate the highest common divisor of 2240 and 64.
64
What is the greatest common factor of 752 and 470?
94
Calculate the greatest common divisor of 9 and 61.
1
What is the highest common factor of 236 and 17700?
236
Calculate the highest common factor of 425 and 25.
25
Calculate the greatest common divisor of 2761 and 1757.
251
What is the greatest common divisor of 82 and 3239?
41
What is the highest common factor of 156 and 2496?
156
What is the highest common divisor of 220 and 2310?
110
Calculate the greatest common factor of 6896 and 32.
16
What is the highest common divisor of 213 and 72?
3
Calculate the highest common factor of 434 and 350.
14
Calculate the greatest common factor of 93 and 1798.
31
Calculate the greatest common divisor of 63 and 651.
21
Calculate the greatest common divisor of 9 and 12861.
9
What is the greatest common divisor of 15 and 450?
15
Calculate the greatest common factor of 44 and 128.
4
What is the highest common divisor of 90 and 138?
6
What is the greatest common factor of 45 and 81?
9
What is the greatest common factor of 21 and 14?
7
What is the highest common divisor of 1197 and 63?
63
What is the greatest common factor of 39 and 10725?
39
What is the highest common factor of 6 and 9726?
6
What is the highest common divisor of 54 and 48?
6
Calculate the greatest common factor of 816 and 768.
48
What is the highest common factor of 300 and 60?
60
What is the highest common factor of 41 and 82?
41
Calculate the greatest common divisor of 112 and 1722.
14
Calculate the greatest common divisor of 58 and 13514.
58
What is the highest common divisor of 66 and 1012?
22
Calculate the greatest common divisor of 19 and 10279.
19
What is the highest common divisor of 29 and 3973?
29
Calculate the greatest common divisor of 2 and 38.
2
Calculate the greatest common factor of 9 and 77823.
9
What is the greatest common factor of 2737 and 34?
17
What is the greatest common divisor of 546 and 42?
42
Calculate the greatest common divisor of 403 and 52.
13
Calculate the highest common divisor of 742 and 1696.
106
Calculate the greatest common factor of 160 and 880.
80
What is the greatest common factor of 33 and 1067?
11
What is the highest common divisor of 75 and 3?
3
What is the highest common factor of 890 and 70?
10
What is the highest common divisor of 28 and 903?
7
What is the greatest common divisor of 9390 and 60?
30
What is the highest common factor of 209 and 76?
19
What is the greatest common divisor of 564 and 24?
12
What is the greatest common divisor of 8 and 148?
4
Calculate the highest common divisor of 684 and 252.
36
Calculate the highest common factor of 5 and 35.
5
What is the greatest common factor of 1275 and 10?
5
Calculate the greatest common divisor of 174 and 18.
6
Calculate the highest common divisor of 56 and 1576.
8
What is the highest common factor of 2290 and 20?
10
Calculate the greatest common factor of 1274 and 532.
14
Calculate the greatest common factor of 650 and 50.
50
What is the greatest common divisor of 207 and 2599?
23
Calculate the highest common factor of 36 and 828.
36
Calculate the highest common factor of 5350 and 50.
50
What is the greatest common factor of 91 and 416?
13
What is the greatest common divisor of 662 and 2?
2
What is the highest common factor of 101 and 21917?
101
Calculate the greatest common divisor of 22 and 286.
22
Calculate the highest common factor of 420 and 196.
28
What is the greatest common factor of 390 and 465?
15
Calculate the highest common divisor of 474 and 6.
6
What is the greatest common divisor of 11 and 4?
1
Calculate the greatest common factor of 1 and 2557.
1
Calculate the greatest common divisor of 4653 and 94.
47
Calculate the highest common divisor of 2 and 4.
2
Calculate the greatest common divisor of 36 and 20.
4
Calculate the highest common factor of 294 and 18.
6
Calculate the highest common divisor of 91 and 28.
7
Calculate the greatest common divisor of 270 and 54.
54
Calculate the highest common divisor of 927 and 9.
9
What is the highest common factor of 15 and 695?
5
What is the highest common factor of 2343 and 3?
3
Calculate the highest common factor of 3915 and 1015.
145
Calculate the greatest common factor of 501 and 6.
3
Calculate the greatest common divisor of 18685 and 505.
505
Calculate the highest common factor of 350 and 91.
7
What is the highest common factor of 4 and 9?
1
What is the highest common divisor of 84 and 196?
28
What is the highest common divisor of 156 and 108?
12
Calculate the highest common divisor of 660 and 44.
44
Calculate the greatest common divisor of 26620 and 40.
20
Calculate the highest common divisor of 13240 and 40.
40
What is the greatest common divisor of 32 and 6?
2
What is the greatest common factor of 6665 and 310?
155
Calculate the highest common divisor of 228 and 600.
12
Calculate the highest common divisor of 11745 and 15.
15
What is the greatest common factor of 663 and 204?
51
Calculate the greatest common factor of 589 and 95.
19
What is the greatest common divisor of 1222 and 376?
94
What is the highest common divisor of 336 and 21?
21
What is the greatest common factor of 48 and 5268?
12
Calculate the highest common factor of 664 and 415.
83
What is the highest common factor of 27 and 23?
1
Calculate the greatest common divisor of 243 and 8289.
27
Calculate the highest common divisor of 112 and 3584.
112
Calculate the greatest common divisor of 3827 and 172.
43
Calculate the greatest common factor of 176 and 272.
16
Calculate the highest common factor of 428 and 2033.
107
Calculate the highest common factor of 194 and 291.
97
What is the greatest common factor of 810 and 1134?
162
What is the greatest common divisor of 155 and 40?
5
Calculate the greatest common factor of 5112 and 1846.
142
Calculate the greatest common factor of 8538 and 6.
6
Calculate the greatest common factor of 4 and 94.
2
What is the greatest common factor of 740 and 30?
10
What is the greatest common divisor of 35 and 77?
7
Calculate the greatest common divisor of 64 and 72.
8
What is the highest common divisor of 155 and 217?
31
What is the highest common divisor of 70 and 270?
10
Calculate the greatest common factor of 6 and 5262.
6
Calculate the greatest common factor of 17 and 7871.
17
What is the greatest common factor of 132 and 858?
66
What is the greatest common factor of 1900 and 40?
20
Calculate the highest common factor of 24 and 54.
6
What is the highest common divisor of 425 and 275?
25
What is the greatest common factor of 3451 and 238?
119
Calculate the highest common divisor of 5957 and 322.
161
What is the highest common divisor of 60 and 390?
30
What is the greatest common factor of 3569 and 83?
83
What is the highest common divisor of 56 and 98?
14
Calculate the greatest common factor of 176 and 220.
44
What is the greatest common divisor of 106 and 159?
53
What is the grea